t of 99570?
9
What is the tens digit of 1033?
3
What is the ten thousands digit of 34457?
3
What is the thousands digit of 22584?
2
What is the tens digit of 771?
7
What is the tens digit of 161355?
5
What is the units digit of 286?
6
What is the tens digit of 39656?
5
What is the hundreds digit of 95265?
2
What is the ten thousands digit of 18091?
1
What is the ten thousands digit of 48010?
4
What is the tens digit of 40991?
9
What is the hundreds digit of 1001?
0
What is the units digit of 75?
5
What is the hundreds digit of 1550?
5
What is the tens digit of 3306?
0
What is the units digit of 1069?
9
What is the units digit of 93697?
7
What is the units digit of 3391?
1
What is the hundreds digit of 4566?
5
What is the units digit of 296?
6
What is the hundreds digit of 768?
7
What is the tens digit of 1296?
9
What is the thousands digit of 23872?
3
What is the hundreds digit of 43911?
9
What is the units digit of 75?
5
What is the units digit of 9154?
4
What is the hundreds digit of 7325?
3
What is the thousands digit of 22635?
2
What is the tens digit of 396?
9
What is the thousands digit of 38519?
8
What is the ten thousands digit of 39551?
3
What is the hundreds digit of 1280?
2
What is the ten thousands digit of 61295?
6
What is the hundreds digit of 13531?
5
What is the units digit of 817?
7
What is the tens digit of 809?
0
What is the hundreds digit of 129?
1
What is the units digit of 1461?
1
What is the ten thousands digit of 72756?
7
What is the thousands digit of 2898?
2
What is the hundreds digit of 3015?
0
What is the units digit of 14622?
2
What is the units digit of 3675?
5
What is the thousands digit of 27368?
7
What is the tens digit of 8880?
8
What is the tens digit of 165?
6
What is the tens digit of 2282?
8
What is the tens digit of 3592?
9
What is the hundreds digit of 2897?
8
What is the units digit of 1566?
6
What is the thousands digit of 1389?
1
What is the thousands digit of 9925?
9
What is the thousands digit of 13407?
3
What is the thousands digit of 2804?
2
What is the hundreds digit of 1078?
0
What is the units digit of 2556?
6
What is the tens digit of 927?
2
What is the tens digit of 10967?
6
What is the hundreds digit of 739?
7
What is the hundreds digit of 73741?
7
What is the tens digit of 1060?
6
What is the tens digit of 841?
4
What is the hundreds digit of 4910?
9
What is the thousands digit of 122953?
2
What is the thousands digit of 33339?
3
What is the tens digit of 503?
0
What is the tens digit of 239?
3
What is the tens digit of 30700?
0
What is the tens digit of 922?
2
What is the hundreds digit of 4792?
7
What is the ten thousands digit of 195553?
9
What is the units digit of 27521?
1
What is the thousands digit of 1623?
1
What is the thousands digit of 6705?
6
What is the ten thousands digit of 81375?
8
What is the thousands digit of 3053?
3
What is the units digit of 1372?
2
What is the ten thousands digit of 38892?
3
What is the tens digit of 3075?
7
What is the units digit of 603?
3
What is the hundreds digit of 6950?
9
What is the units digit of 24511?
1
What is the hundreds digit of 31390?
3
What is the thousands digit of 57971?
7
What is the hundreds digit of 5533?
5
What is the ten thousands digit of 61373?
6
What is the thousands digit of 7551?
7
What is the units digit of 1282?
2
What is the hundreds digit of 139511?
5
What is the thousands digit of 42064?
2
What is the tens digit of 1414?
1
What is the hundreds digit of 47564?
5
What is the units digit of 39996?
6
What is the ten thousands digit of 57891?
5
What is the units digit of 2821?
1
What is the tens digit of 3329?
2
What is the tens digit of 7330?
3
What is the tens digit of 6999?
9
What is the hundreds digit of 3480?
4
What is the units digit of 3584?
4
What is the units digit of 4817?
7
What is the units digit of 26?
6
What is the hundreds digit of 44560?
5
What is the thousands digit of 6075?
6
What is the tens digit of 2594?
9
What is the ten thousands digit of 84545?
8
What is the tens digit of 39981?
8
What is the hundreds digit of 12284?
2
What is the units digit of 65350?
0
What is the tens digit of 35861?
6
What is the ten thousands digit of 156842?
5
What is the ten thousands digit of 32415?
3
What is the tens digit of 330?
3
What is the tens digit of 70?
7
What is the hundreds digit of 120441?
4
What is the hundred thousands digit of 109794?
1
What is the thousands digit of 4507?
4
What is the units digit of 15784?
4
What is the units digit of 23746?
6
What is the units digit of 1860?
0
What is the thousands digit of 4908?
4
What is the thousands digit of 1246?
1
What is the thousands digit of 32200?
2
What is the hundreds digit of 123310?
3
What is the units digit of 8538?
8
What is the thousands digit of 1873?
1
What is the ten thousands digit of 14246?
1
What is the tens digit of 531?
3
What is the hundreds digit of 5432?
4
What is the thousands digit of 4046?
4
What is the units digit of 158632?
2
What is the tens digit of 12669?
6
What is the units digit of 514?
4
What is the units digit of 615?
5
What is the tens digit of 7311?
1
What is the tens digit of 5064?
6
What is the thousands digit of 17756?
7
What is the thousands digit of 7725?
7
What is the units digit of 848?
8
What is the thousands digit of 8893?
8
What is the units digit of 14606?
6
What is the units digit of 131?
1
What is the tens digit of 642?
4
What is the ten thousands digit of 162138?
6
What is the hundreds digit of 720?
7
What is the hundreds digit of 27058?
0
What is the units digit of 4085?
5
What is the ten thousands digit of 15389?
1
What is the ten thousands digit of 54236?
5
What is the hundreds digit of 310?
3
What is the units digit of 42879?
9
What is the units digit of 19331?
1
What is the tens digit of 20743?
4
What is the units digit of 10464?
4
What is the hundreds digit of 439?
4
What is the ten thousands digit of 16352?
1
What is the units digit of 19779?
9
What is the tens digit of 3338?
3
What is the hundreds digit of 4780?
7
What is the ten thousands digit of 28656?
2
What is the units digit of 1895?
5
What is the tens digit of 182150?
5
What is the tens digit of 2969?
6
What is the tens digit of 1446?
4
What is the thousands digit of 8754?
8
What is the units digit of 63756?
6
What is the tens digit of 1846?
4
What is the units digit of 67?
7
What is the ten thousands digit of 101749?
0
What is the units digit of 983?
3
What is the tens digit of 2412?
1
What is the units digit of 26083?
3
What is the hundreds digit of 964?
9
What is the units digit of 7295?
5
What is the tens digit of 22150?
5
What is the tens digit of 3183?
8
What is the units digit of 13786?
6
What is the ten thousands digit of 44683?
4
What is the tens digit of 137675?
7
What is the ten thousands digit of 13114?
1
What is the hundreds digit of 903?
9
What is the tens digit of 22552?
5
What is the hundreds digit of 1354?
3
What is the hundreds digit of 24260?
2
What is the units digit of 3186?
6
What is the hundreds digit of 611?
6
What is the hundreds digit of 20817?
8
What is the hundreds digit of 24081?
0
What is the tens digit of 76539?
3
What is the units digit of 1175?
5
What is the ten thousands digit of 152288?
5
What is the tens digit of 11368?
6
What is the hundreds digit of 8963?
9
What is the hundreds digit of 51020?
0
What is the hundreds digit of 9905?
9
What is the tens digit of 73579?
7
What is the hundreds digit of 1159?
1
What is the units digit of 700?
0
What is the tens digit of 45626?
2
What is the tens digit of 479?
7
What is the thousands digit of 21030?
1
What is the tens digit of 6104?
0
What is the units digit of 798?
8
What is the hundreds digit of 834?
8
What is the hundreds digit of 3579?
5
What is the thousands digit of 162474?
2
What is the thousands digit of 1974?
1
What is the tens digit of 24127?
2
What is the hundreds digit of 573?
5
What is the hundreds digit of 4978?
9
What is the units digit of 16336?
6
What is the hundreds digit of 829?
8
What is the units digit of 1905?
5
What is the tens digit of 1067?
6
What is the tens digit of 30548?
4
What is the ten thousands digit of 124860?
2
What is the hundreds digit of 39553?
5
What is the units digit of 7434?
4
What is the thousands digit of 6364?
6
What is the u